
-4
Calculate 0 + -3 - -11 - (28 - (-7 + 21)).
-6
2 + 5 + -3 + -7 + -14
-17
What is 36 + -27 + (-8 - -2) - (6 + 2)?
-5
Calculate (-55 - -27) + 0 + 21.
-7
Evaluate 25 + (-2 - -1) + (4135 - 4151).
8
(2 - -8) + -17 + (-18 - -35)
10
What is (-23 - -11 - -23) + 9?
20
Evaluate -9 - (-3 + -5) - 1 - -4.
2
What is (-118 - -139) + -3 + -13?
5
Evaluate -33 + (-66 + 29 - -59).
-11
What is the value of (11 + -10 - -22 - 10) + (0 - 1)?
12
(2 - -3 - (6 - (9 + 0))) + 2
10
What is the value of (171 - 78) + -94 + 0 + 0 + 23?
22
291 + -288 - (11 + 2 + 0)
-10
What is -6 + -20 + 13 + 2?
-11
Calculate -10 + 4 - 5 - (-8 + -4 + 7).
-6
Evaluate -15 - (1 - 1 - (18 - 11)).
-8
Evaluate -41 + (87 - 44) - (-1 + (-1 - 2)).
6
What is the value of (21 - (23 + -23)) + (0 - 1)?
20
Calculate 0 - 3 - (-4 + 10 + -9 + 8).
-8
Evaluate 0 + (1 - (3 - (3 + 1))) + -3.
-1
Calculate -1 + -6 + (-9 - -19) + -7 + 4.
0
Evaluate -9 + 3 + 17 + -13 + (-6 - 0).
-8
What is the value of 6 - (-3 + 0 + (-11 - -8 - 0))?
12
Calculate 0 - -16 - (-596 + 614).
-2
What is -7 + (-13 - (10 - 59)) - 3?
26
-11 - 1 - (-33 - (-19 - 9))
-7
What is 247 + -245 - (12 + -2)?
-8
What is (11 - (1 + 8)) + (10 - 2)?
10
Evaluate (37 + -17 - (13 - 2)) + 0 + 12.
21
Calculate 3 + 5 - (3 + (-4 - -9) - 2).
2
3 - ((2 - (-2 + -1)) + -1) - -3
2
Evaluate 14 + -8 + -9 - 7 - 2.
-12
-12 - (-15 + 12 + -2)
-7
What is the value of -6 - (-3 - (-11 - -7)) - -7?
0
Evaluate -19 - (28 + 2 - 22).
-27
-1 + (10 - -1) + (-109 - -105)
6
Evaluate 4 + -16 - (-8 - -6 - 2).
-8
Evaluate (-10 + -3 - (32 + -38)) + -7.
-14
What is the value of -13 - -2 - (-2 - (15 + -17))?
-11
What is -3 + 16 - (6 + -1 + (6 - 5))?
7
Calculate (1 + -21 - 13) + -4 + 16.
-21
(15 - 18) + 9 - 15
-9
4 - (69 - 52 - (-2 + -1))
-16
What is the value of -11 - (-14 - 4 - -8)?
-1
Evaluate 1 + (-1 - -26) - (12 + 0).
14
What is 5 + -14 + 5 - (9 + -5)?
-8
Calculate (-14 + -10 - 3) + (10 - -5) + -7.
-19
Calculate 11 + (-6 - (3 - 8)) + 1 + 0.
11
What is 0 + -1 - (3 + 2) - 13?
-19
What is (-60 - -28) + 43 + -27?
-16
What is 34 - (9 - (6 + -11))?
20
Calculate (-4 + (-12 - -10) - -6) + -10.
-10
Evaluate (-60 - -35 - -12) + -2.
-15
(21 + -27 - (-1 + -2)) + -5
-8
Evaluate 6 + 1 + -2 + -3 + -1.
1
Calculate ((0 - 2) + (-31 - -31) - -26) + 6.
30
What is 20 - (-7 + 4 - (8 - 0 - 17))?
14
What is 70 - 21 - 70 - (2 - -15)?
-38
Calculate 43 + -17 + 8 + 2 + -10 + 6.
32
Evaluate -33 + 25 + 30 + -23 - (28 + 1).
-30
Evaluate (-1 - 7) + (23 - 15) - -6.
6
Evaluate (-46 - (-23 + -40)) + 9.
26
-83 + 88 + (-1 + 3 - 4 - 2)
1
Calculate 3 + -47 + 22 + 3 + -5 + 1.
-23
Calculate 9 + (-7 - 2) + 29 + -21 + -36.
-28
Evaluate -7 - ((-1 - 0) + (33 - 35)).
-4
23 + (-20 - -19) + (-4 - (-2 - -1))
19
Calculate (6 - (0 - 4 - (-13 - 3))) + 12.
6
What is the value of (7 - (1 - -3)) + (-1 - -10)?
12
What is (-11 - -12) + 0 + 1?
2
What is (7 - (9 - 2 - -13)) + 10?
-3
Evaluate (1 - 3) + (2 - 4).
-4
What is the value of -1 + (12 + 7 - -15) + -12?
21
What is -2 - -5 - (63 + -48)?
-12
What is 11 - 0 - (871 + -835)?
-25
What is 18 + (-5 - 12) + 12?
13
What is (-4 - -4) + -8 - (-10 - -6) - 7?
-11
Calculate ((-8 - -9) + 5 - 6) + 2.
2
Calculate -12 - -17 - (-2 + (12 - 0)).
-5
What is -32 + (19 - -2 - -7)?
-4
What is the value of -10 + (21 - -7 - 15)?
3
What is -6 - -1 - (-39 + 35 + -14)?
13
What is the value of 36 - (-41 + (90 - 12))?
-1
What is the value of (24 - -15) + 0 + -22?
17
Calculate -9 + (3 - ((0 - 2) + 4 + -5)).
-3
What is the value of -1 - -4 - -15 - (0 - (2 - 7))?
13
What is the value of -59 - ((-33 - -34) + -40)?
-20
Calculate (-2 - 7 - (1 - 10 - -12)) + -8.
-20
What is the value of (58 - 27 - 39) + 0 + 1?
-7
What is (-9 - -47) + -22 + 8?
24
Calculate -5 + (-6 + 4 - -11) + -4 - 11.
-11
What is -5 + 3 + -3 + -14 - -6?
-13
What is -2 - (5 - ((2 - 2) + 9))?
2
2 - ((5 + 4 - 5) + (0 - 0))
-2
-26 + 4 + (-1 - -22) + -10
-11
What is -2 + (36 - 37 - 0)?
-3
Evaluate 344 - 335 - (23 - (-1 + 3 + 0)).
-12
What is the value of (8 - (3 + 4) - 3) + 13?
11
(-5 - (6 + -26)) + -7 + 7
15
What is the value of -5 - (-6 + (6 - (-2 - -8))) - 13?
-12
Calculate -16 + 23 + -35 + 64.
36
Evaluate -105 + 113 - (4 + -1 + -3 + -15).
23
(-1 - 5) + 5 - (-12 + 0)
11
What is the value of 1 + 20 + (-173 - -161)?
9
3 + (-54 - -34 - -25)
8
What is the value of 2 + -11 + (8 - 5) - -11?
5
Calculate (-4 + 5 - (-30 + 21)) + -2 + -3.
5
27 + 0 + -8 + 1 + 11 + -7
24
What is the value of -2 + 5 + 15 - (1 + -3 - -7)?
13
Evaluate -14 + -4 + (7 - -1 - -9).
-1
Calculate -1 - (9 - 14) - 14.
-10
What is the value of 11 - (-24 - -32 - (2 - -5))?
10
What is (2 + -7 - 0) + (-26 - -6) + 28?
3
13 + 34 + -42 + (-1 - -16 - 1)
19
What is the value of 12 + (-13 + 1 - (-57 - -42))?
15
What is -3 + 3 - (-3 + 6 + -1)?
-2
Calculate -5 + 1 + (22 - 16) + 2.
4
(27 - (-22 + -10)) + -29
30
What is -12 - -10 - -3 - (10 - 1)?
-8
What is the value of (-19 - -4) + 89 + -87?
-13
Evaluate (-1 - (-1 - 2)) + 49 + -112 + 73.
12
What is -1 + (-10 - (-18 + -9 + 7))?
9
-2 + 0 + (-16 - (3 + -18)) + 15
12
Evaluate -19 + (-2 - -4) - (-11 + 3).
-9
What is -5 - (-11 - -5) - 4 - -3?
0
Calculate (-29 - (-22 - -23)) + 0 + 12.
-18
Evaluate -14 - (-2 + (7 - 2) + -20).
3
What is -86 - -72 - (-51 + 2) - 10?
25
Calculate -31 + (12 - 16) + 21 + -17.
-31
What is -7 + -1 + (56 - 35)?
13
-10 + 41 + -21 - 9
1
Calculate (-9 - (-6 - (3 - 6))) + 0 - 4.
-10
What is -3 + 3 + -5 + 39 + -47?
-13
What is the value of 0 + 13 + -1 + -5 + (-20 - -25)?
12
10 + 15 - (-9 + -13 + 13)
34
Calculate 4 + (-7 - (6 + -21) - 13).
-1
16 + (-10 - -20) + -9
17
Calculate 48 + (19 - (23 + 20)).
24
Calculate -47 + 50 + 7 + 0 + -1 + 3.
12
(-11 - (19 - 31)) + 22
23
What is the value of 2 + 1 + (9 + -1 - 7) - 19?
-15
Evaluate 20 + (19 - (1 + 22 + -15)).
31
Evaluate (674 - 650) + -44 + -1.
-21
Calculate -76 + 32 + 10 - (-10 - 1).
-23
Calculate 20 - 16 - -3 - (4 + (4 - 6)).
5
Evaluate 2 - 11 - -1 - (-39 + 31 + 1).
-1
Evaluate (13 - (1 - -6)) + -1.
5
What is 2 - -5 - (6 + 5) - -2?
-2
-13 + 2 - -2 - (8 + 22 - 22)
-17
-13 + 27 + -16 + 1 - -16
15
What is 12 + -16 - (-1 - (1 - 16)) - 6?
-24
Evaluate 65 + -70 - (-6 - 1) - (0 + -2).
4
What is (-1 - (9 + -4 - 5)) + -8 + 25?
16
Calculate 9 - -16 - (-13 - -53).
-15
Evaluate 106 + -88 - (1 - 3 - -12).
8
What is the value of 25 + (4 + (2 - 22) - -8)?
17
What is (5 - (0 - 2)) + -1 + -15?
-9
What is 1 + (-20 + 1 + 8 + 6 - -4)?
0
Evaluate (3 - 0) + -24 + -1 + -20 + 24.
-18
What is the value of (-17 - -1) + -1 + 500 + -499?
-16
What is the value of -6 + 0 + (-4 - (-10 + 8 + 4))?
-12
Evaluate (5 - 1) + (-4 - -8) - (23 + 6).
-21
54 - 46 - (2 + 2)
4
-5 + 2 + 15 + -18 - -6
0
Evaluate 6 + -5 - (14 + 5).
-18
What is 1 - 1 - 10 - (290 + -300)?
0
What is 4 + (-11 - -6 - (47 + -42))?
-6
Calculate -4 - 8 - (17 - 9 - 7).
-13
Calculate -14 + 5 + (5 - (5 - 4)).
-5
What is the value of (25 - 0 - 17) + (2 - 13)?
-3
5 + (1 - 0 - (-10 + -6 + 16))
6
Evaluate 12 - -26 - 25 - 17.
-4
Calculate (-10 - -6) + (-9 - -21 - -4).
12
What is (-1 - (10 + (-8 - (-11 + 13)))) + 6?
5
Calculate -6 - ((-26 - -2 - (0 + -1)) + 3).
14
Evaluate 3 - (-2 + (17 - (3 - -6))).
-3
What is the value of 1 + -2 - (-9 + 12) - (4 - -2)?
-10
-3 - (2 + (-7 - (0 + 3)))
5
What is the value of 36 - ((-29 - -12) + 26)?
27
Evaluate -4 + 4 + (22 - 13).
9
What is 0 - (-1 - -2) - (-12 - (-3 + 1))?
9
Calculate 15 + -20 + (-31 - -39).
3
1 - -30 - (15 + -15 + 13)
18
Calculate -10 - (4 + -6 + -4) - -7.
3
What is (38 - (21 - -1)) + 1?
17
What is -16 + (27 - 10) + -16?
-15
Evaluate 10 - (19 + 8 - -5).
-22
Calculate (-1 - -1) + (-2 - -17) - (2 - -2).
11
Calculate (104 + -91 - (-2 - -10)) + 1 + -18.
-12
5 - (4 - -4) - (-4 - -3)
-2
What is the value of (8 + 2 + -10 - (-26 - -1)) + -9?
16
What is the value of 34 + (-2 - (-4 + 5) - (-14 - -20))?
25
What is the value of -13 + (3 - -23) - (-2 - 1)?
16
What is 2 + 9 + 0 - 15?
-4
Evaluate 8 - -12 - 23 - -3 - (28 + 1).
-29
What is 16 + (-29 - -11) + 14 + (0 - -2)?
14
Calculate 33 - ((1 - 4) + (0 - -8) + 3).
25
Calculate -7 + -20 + 7 + 7.
-13
What is (0 - 40) + (-387 - -397)?
-30
Calculate 9 + (-1 + -1 - 3) + (-9 - -8).
3
What is 0 - (3 - (7 + (6 - (5 + 4))))?
1
Evaluate -5 + 2 + 1 - (-4139 + 4146).
-9
What is the value of -7 + (6 - 8) + (5 - (0 - 0))?
-4
What is the value of -18 + 0 + 5 - -5 - -2?
-6
What is -2 - (-14 - 13) - 12 - 48?
-35